 p - 9*b + 4*b - 47, 5*b - 25 = 0. Suppose -28*j + p = -16*j. Suppose 13 + 7 = 5*k. Calculate the remainder when j is divided by k.
2
Let v be 1*2 - (-890)/5. Suppose 2*o - v = -2*o. Calculate the remainder when o is divided by 12.
9
Suppose 2*c - 16 = 5*i, -3*c - 2 + 4 = -2*i. Calculate the remainder when -7 - 0 - c - -24 is divided by 5.
4
Let v be ((-2)/1)/(-3*8/132). What is the remainder when 81 is divided by 4*((-2)/12)/(v/(-231))?
11
What is the remainder when 1252 is divided by (209/(-22))/(1/(-6))?
55
Let a(s) = -2*s**3 + 21*s**2 + 27*s + 39. Calculate the remainder when a(11) is divided by 10.
5
Let j(g) = 18*g + 319. Calculate the remainder when j(-12) is divided by 18.
13
What is the remainder when 804 is divided by 38 + 1/((-7)/21)?
34
Calculate the remainder when 110 is divided by -25 - -19 - (-21 + 0).
5
Let g = 1120 - 746. Calculate the remainder when g is divided by 127.
120
Let u = -95 - -147. What is the remainder when 254 is divided by u?
46
Suppose -2*r - 5*q = -18, -4*q + 0*q = -8. Suppose 5*i = 4*d + d - 25, i + 29 = 5*d. What is the remainder when d is divided by r?
2
Let c be 5*(-9)/(-15) - (0 - 2). Suppose 5*w - 111 = -c*k + 4, 0 = -2*w + k + 34. What is the remainder when 72 is divided by w?
15
Calculate the remainder when 504/10 - 6/(-10) is divided by 18.
15
Let k(b) = -5*b + 186. What is the remainder when 107 is divided by k(30)?
35
Let m(b) = -4*b + 4*b + 7*b + b - 38. Calculate the remainder when m(26) is divided by 43.
41
Let g = 140 - 51. Let d = g + -46. What is the remainder when 167 is divided by d?
38
Suppose 3*k + 38 = 2*r + 168, r - 89 = -2*k. Calculate the remainder when k is divided by 20.
4
Let d(m) = -4*m**3 + 4*m**2 + 6*m - 6. What is the remainder when 132 is divided by d(-2)?
12
Let f(x) = 5*x - 12. Let y(b) = b + 8. Let z = -13 - -7. Calculate the remainder when f(4) is divided by y(z).
0
What is the remainder when 162 is divided by ((-4)/2 + 22)*141/564?
2
Let u = -22 + 16. What is the remainder when u/39 - (-1137)/39 is divided by 15?
14
Let q = 1214 - 1125. Suppose -64 = -3*s + 29. What is the remainder when q is divided by s?
27
Suppose -7072*y - 24 = -7076*y. What is the remainder when 9 is divided by y?
3
Suppose -633 + 193 = -8*n. Let b = -45 + n. What is the remainder when 39 is divided by b?
9
Let f(o) = -o**3 + 9*o**2 - 9*o + 13. Suppose 5*t = 0, -3*k - 30 = 2*k + t. Calculate the remainder when 8/k*(-9)/1 is divided by f(8).
2
Let q = -41 - -65. Let r = q + -12. Let g = r - -11. Calculate the remainder when 91 is divided by g.
22
Let l(s) = s**2 - 2*s - 8. What is the remainder when l(-6) is divided by 10?
0
Suppose -2*o = 2*i - 38, o - 3*i + 71 = 5*o. Let s = 7 + -4. What is the remainder when o is divided by s?
2
Let s = 53 - 9. Suppose -6*h = -64 - s. Calculate the remainder when 85 is divided by h.
13
Let o(s) = 21*s**2 + 7*s - 6. Calculate the remainder when o(-2) is divided by 47.
17
Suppose -2*b - 5636 = -3*w, 3*w + 2*w - 4*b = 9394. Suppose -w = -12*x - 534. Calculate the remainder when x is divided by -2*(-38)/(-16)*-4.
17
Let a = 18 + -15. Let k = 10 + 4. Calculate the remainder when 29 is divided by (4 - a)*(k + 2).
13
Suppose -g + 3*u - 24 = -85, 3*u = -g + 55. Suppose 5*y - 10 = l, -8*l - 3*y = -11*l + 30. Calculate the remainder when g is divided by l.
13
Let f(r) be the second derivative of -71*r**4/12 + r**3/6 + r**2 + 7*r. Let d be f(-1). Calculate the remainder when 30/(-4)*d/15 is divided by 12.
11
Let i(y) = -y**2 + 8*y - 7. Let r be 56 - 1*0*(-4)/20. Suppose -4*c = -18*c + r. What is the remainder when i(6) is divided by c?
1
Suppose 6*k = 162 - 54. What is the remainder when 48 is divided by k?
12
Let t(u) = -24*u - 147. Calculate the remainder when 223 is divided by t(-8).
43
Let d(x) = x**3 + 3*x**2 - 2*x - 4. Let j be d(-3). What is the remainder when 41 is divided by ((-11)/(-3))/(j*1/6)?
8
Suppose -3*x + 24 = 5*h - x, 0 = 5*h - 5*x - 10. Let q = 425 - 248. Suppose -g = -h*g + q. What is the remainder when g is divided by 30?
29
Calculate the remainder when 58 is divided by 0 + 24 + (-146)/(-73).
6
Let a = -306 - -320. Calculate the remainder when 133 is divided by a.
7
Suppose -6*b - 2 = -236. What is the remainder when 191 is divided by b?
35
Let f(j) = j**2 + 23*j - 235. Suppose 3*p - 43 = 2*p. What is the remainder when p is divided by f(8)?
4
Suppose -38 + 4 = -s. Let n = s - 23. Calculate the remainder when 41 is divided by n.
8
Suppose l + 8 = 5*a, 4*a = 5*l + 4 - 6. Let c be l - 0 - 44/11. Calculate the remainder when (c - 0)*(-414)/12 is divided by 18.
15
Let h(s) = 10*s**3 - s**2 - 2*s - 2. What is the remainder when 137 is divided by h(2)?
67
Let r(g) = g**3 - 2*g**2 - 5*g + 4. Let v be r(6). Suppose 2*y + 3*s = s + v, s = 3*y - 165. What is the remainder when y is divided by 29?
27
Let i = 318 + -284. Calculate the remainder when 156 is divided by i.
20
Suppose o = 0, -2*z + 7*z = -4*o + 345. Calculate the remainder when 146 is divided by z.
8
Suppose -2*q - q + 709 = 4*d, -5*q = -d + 206. What is the remainder when d is divided by 13?
12
Let n(q) = q**2 - 8*q + 4. Let z be n(7). Let f(d) = -25*d - 6. Calculate the remainder when f(z) is divided by 12.
9
Let d(r) be the second derivative of 5*r**4/12 - 5*r**3/3 + 9*r**2/2 - 10*r. What is the remainder when d(4) is divided by 17?
15
Let n = -656 + 678. What is the remainder when 36 is divided by n?
14
Let q be -1 - 8 - 1 - 2. Let r(z) = 2*z + 34. What is the remainder when 38 is divided by r(q)?
8
Let i(c) = c - 2. Let h be i(2). Suppose h = -2*k - 2*k + 120. What is the remainder when 46 is divided by 7/(14/k) - -1?
14
Suppose -15*g = -24*g + 54. What is the remainder when 69 is divided by g?
3
Suppose 19*m - 16*m - 194 = -4*r, 0 = 3*m + 2*r - 184. Let p(q) = 6*q - 3. Calculate the remainder when m is divided by p(3).
13
Let r(b) = -3*b**2 - 2*b - 6. Let g be r(3). Let f = g + 137. What is the remainder when f is divided by 20?
18
Let y = 805 + -785. What is the remainder when 115 is divided by y?
15
Let y(t) = -t + 2. Let b be y(-7). Let q = 28 - b. Calculate the remainder when q is divided by 7.
5
Let d = -40 + 199. Suppose 5*c + 18 = 418. Suppose -3*r + 2*l = l - 120, -2*r + c = -5*l. What is the remainder when d is divided by r?
39
Suppose 0 = -5*o - 8 + 53. What is the remainder when 89 is divided by o?
8
Suppose t - 6 = -b - 0*t, -2 = b - 3*t. Suppose -3*y + 5*j = -36 - 35, -b*y + j = -89. What is the remainder when y is divided by 15?
7
Let w = 124 + -52. Suppose 4*c - w = i + 500, -c + i = -146. Suppose -f - c = -3*f. Calculate the remainder when f is divided by 18.
17
Suppose 312 = -4*b + 16*b. Calculate the remainder when b is divided by 7.
5
Let o(a) = -a**3 - 9*a**2 + 8*a + 8. Let f be o(-10). Let x = f - 21. Let q = 6 + x. Calculate the remainder when 64 is divided by q.
12
Suppose 31 = 2*j + 5*o, 5*o - 4 - 3 = j. Let b = 138 + -60. Suppose s = -m - 0*s + 27, -4*m + b = -2*s. What is the remainder when m is divided by j?
6
Let u = 16 - 11. Suppose u*n = 34 + 121. Calculate the remainder when 123 is divided by n.
30
Suppose 51 = 4*j - 3*i, j = i + i + 9. Suppose -j*n + 111 = -12*n. What is the remainder when n is divided by 10?
7
Suppose 0 = -39*v + 38*v. What is the remainder when v - 4 - -32 - 8/(-4) is divided by 9?
3
Suppose -11 = -3*s + 5*r + 11, 2*s = r + 17. Calculate the remainder when -1 + (0 - 3) + 252/s is divided by 9.
6
Suppose -2*p = 5*w - 30, -6*w - 14 = -7*w - 2*p. Suppose 2*a = 4*a - 8. Suppose 0 = -3*b + a + 2. What is the remainder when w is divided by b?
0
Let m(w) = w**3 + 3*w**2 + w + 1. Let h be m(-2). Suppose -3*i - 6 - h = 0. Calculate the remainder when (i + (2 - -39))*1 is divided by 10.
8
Let g = 82 + -28. What is the remainder when g is divided by 14?
12
Suppose 0 = 2*a - 8, 5*r - 24 - 43 = -3*a. Suppose 2*o + 2*d - 62 = -d, 2*o - 62 = 5*d. Calculate the remainder when o is divided by r.
9
Let d = -134 + 137. Let y be (-122)/(-4) + 9/6. Suppose -y = -d*c - c. Calculate the remainder when c is divided by 3.
2
Suppose 0 = -170*a + 179*a - 63. Let i = 14 - 11. Calculate the remainder when a is divided by i.
1
Suppose -2*u + 19 = 5*i, -4*u = 2*i - 4*i - 26. What is the remainder when 167 is divided by u?
6
Let g(r) = 4*r + 397. Let i be g(0). Suppose 4*m -